1514*o - 539682. What is y(-13)?
0
Let b(r) = 2*r**2 + 62*r - 1105. Calculate b(-41).
-285
Let w(p) = 6*p**3 - 131*p**2 - 369*p + 7579. Determine w(22).
-55
Let u(y) = -4*y**3 - 90*y**2 + 3088*y + 46564. Give u(-13).
-2
Let y(w) = -310*w**2 - 33*w + 20. Give y(2).
-1286
Let f(u) = -u**3 + 89*u**2 + 198*u - 4201. What is f(91)?
-2745
Let r(a) = 1692*a - 88114. Give r(52).
-130
Let h(f) = -337*f + 88173. Give h(262).
-121
Let l(j) = j**3 - 148*j**2 + 2965*j + 1368. Give l(124).
4
Let s(p) = 5434*p**2 - 43424*p + 14. What is s(8)?
398
Let z(r) = -409497*r + 17198881. Give z(42).
7
Let f(q) = q**3 - 12*q**2 - 144*q + 1275. What is f(16)?
-5
Let i(o) = -46987*o + 234942. Give i(5).
7
Let z(h) = 2*h**3 + 200*h**2 + 193*h + 212. Give z(-99).
707
Let z(i) = 16*i**2 + 3960*i + 11870. Give z(-3).
134
Let i(c) = 13851*c + 8393701. Determine i(-606).
-5
Let f(p) = -40*p**2 - 3446*p - 896. Calculate f(-86).
-380
Let w(g) = -138*g**2 - 1139*g - 248. Determine w(-9).
-1175
Let d(j) = -1995*j - 23927. What is d(-12)?
13
Let m(f) = -274*f + 11978. What is m(39)?
1292
Let n(y) = 93*y**2 - 34337*y + 7387. Calculate n(369).
7
Let o(r) = 6004*r + 198444. Calculate o(-33).
312
Let f(z) = -z**2 - 188*z + 7160. Calculate f(33).
-133
Let c(a) = -14*a**2 - 2711*a - 9745. Give c(-190).
-55
Let a(k) = 96501*k**2 + 965018*k + 4. Calculate a(-10).
-76
Let q(t) = 8635*t - 51482. What is q(6)?
328
Let b(f) = f**2 - 2190*f - 26398. Determine b(-12).
26
Let l(o) = -9*o**2 - 1720*o + 1665. What is l(-192)?
129
Let j(v) = v**2 - 380*v + 34028. Calculate j(235).
-47
Let p(r) = -116*r**2 + 5645*r + 7747. Give p(50).
-3
Let k(f) = -4049*f + 1202815. Calculate k(297).
262
Let h(a) = -137*a**2 - 245*a + 493. Determine h(-3).
-5
Let f(u) = 28*u**2 + 2000*u - 3203. Give f(-73).
9
Let c(v) = 2211*v - 771664. Give c(349).
-25
Let u(l) = 22957*l + 298464. Determine u(-13).
23
Let i(p) = 7*p**2 - 392*p - 14934. What is i(82)?
-10
Let r(x) = 2*x**3 + 3*x**2 + 27*x - 154. Determine r(-13).
-4392
Let z(p) = p**3 - 19*p**2 + 5*p + 368. Give z(18).
134
Let h(d) = -2*d**3 + 14*d**2 - 18*d - 7. Give h(6).
-43
Let p(f) = f**3 + 100*f**2 + 930*f + 1946. Calculate p(-3).
29
Let h(c) = -c**3 + 3*c**2 - 9*c + 23. What is h(0)?
23
Let a(t) = -t**3 - 53*t**2 + 1352*t + 74887. What is a(-40)?
7
Let c(v) = -17*v**2 - 3*v - 89. What is c(7)?
-943
Let t(i) = -21528*i + 5252805. Determine t(244).
-27
Let l(j) = 472180*j + 944356. Determine l(-2).
-4
Let m(u) = -3932*u - 102233. What is m(-26)?
-1
Let q(v) = -v**3 - 22*v**2 + 1257*v - 5. What is q(-48)?
-437
Let k(v) = -44*v**2 - 115*v + 572. Determine k(5).
-1103
Let i(o) = 58*o**2 + 1480*o - 179. What is i(-26)?
549
Let r(v) = 61151*v + 856088. Give r(-14).
-26
Let s(l) = l**2 - 790*l + 38322. Give s(52).
-54
Let a(g) = 1599*g + 81520. Give a(-51).
-29
Let y(p) = -p**3 - 582*p**2 + 560*p + 662932. Give y(-581).
11
Let r(m) = -1016*m + 14296. Calculate r(11).
3120
Let d(i) = -2*i**3 - 29*i**2 - 50*i + 24. What is d(-13)?
167
Let w(x) = 3*x**2 + 3920*x + 821099. Give w(-262).
-9
Let k(j) = -49*j**3 - 446*j**2 - 52*j - 23. Calculate k(-9).
40
Let f(o) = o**3 + 301*o**2 + 902*o + 1664. Determine f(-298).
-720
Let d(x) = 603*x - 10200. Give d(17).
51
Let t(m) = 155482*m + 3576050. Calculate t(-23).
-36
Let s(j) = 13*j**2 - 1286*j - 101. Give s(99).
-2
Let i(r) = 6572*r + 110845. Give i(-17).
-879
Let o(p) = p**3 - 136*p**2 + 371*p + 3727. Calculate o(133).
3
Let i(b) = 58*b**2 + 1306*b - 2074. Give i(-24).
-10
Let d(s) = 5824*s**2 - 58243*s + 17. Give d(10).
-13
Let c(r) = -411676*r - 823336. Calculate c(-2).
16
Let m(b) = 204*b**2 - 18356*b - 369. What is m(90)?
-9
Let z(d) = d**3 + 38*d**2 + 360*d - 511. What is z(-15)?
-736
Let l(j) = 49*j**2 - 252*j - 1936. Determine l(-8).
3216
Let t(y) = 1475*y + 272619. Give t(-185).
-256
Let h(o) = -5*o**3 - 149*o**2 + 910*o + 9. Calculate h(-35).
9
Let j(a) = 33410*a**2 - 100234*a + 2. Determine j(3).
-10
Let g(s) = -5557*s - 64785. What is g(-12)?
1899
Let i(l) = 145182*l - 1451811. Calculate i(10).
9
Let p(q) = -48*q + 5797. Determine p(119).
85
Let s(r) = -5139*r - 364888. Calculate s(-71).
-19
Let v(u) = -13249*u - 211997. Calculate v(-16).
-13
Let c(k) = k**3 + 13*k**2 - 32*k - 50. What is c(-16)?
-306
Let m(p) = -149*p**2 + 283*p + 94. Give m(3).
-398
Let d(x) = 1079*x + 1295. Determine d(-2).
-863
Let j(p) = -3416*p - 112850. What is j(-33)?
-122
Let b(v) = -13789*v - 41424. Give b(-3).
-57
Let d(j) = -11*j**2 + 351*j + 2139. What is d(38)?
-407
Let l(h) = -24163*h + 2464678. What is l(102)?
52
Let b(g) = g**3 - 70*g**2 - 6883*g - 121. Give b(-55).
319
Let a(y) = -4*y**2 + 11644*y + 70110. Calculate a(-6).
102
Let g(i) = -3*i**3 - 243*i**2 - 411*i - 33282. Calculate g(-81).
9
Let l(p) = 11505*p - 1242555. Calculate l(108).
-15
Let o(d) = 10*d**3 + 64*d + 128. Determine o(-2).
-80
Let j(r) = 72604*r + 871364. Calculate j(-12).
116
Let o(w) = 5435*w - 1929420. Give o(355).
5
Let w(t) = -3*t**2 + 205*t - 1114. Determine w(62).
64
Let j(w) = -4814*w - 29001. Give j(-6).
-117
Let n(f) = 2*f**2 + 97*f - 315. Give n(9).
720
Let c(w) = 14090*w - 239505. Give c(17).
25
Let d(s) = s**3 - 176*s**2 + 142*s - 56440. Calculate d(177).
23
Let p(a) = a**3 + 556*a**2 + 28428*a - 7470. Calculate p(-499).
15
Let a(i) = -i**3 + 105*i**2 - 312*i - 461. What is a(102)?
-1073
Let m(z) = -3*z**2 - 49749*z + 2444907. Give m(49).
3
Let k(c) = 6*c**3 - 71*c**2 + 231*c - 1740. What is k(11)?
196
Let h(v) = -967*v**2 + 164*v - 17. Determine h(1).
-820
Let s(a) = -459*a - 42342. What is s(-92)?
-114
Let h(f) = 128*f**3 - 25*f**2 - 20*f + 15. Determine h(1).
98
Let l(c) = -2*c**3 + 147*c**2 - 84*c + 11653. Calculate l(74).
-39
Let w(s) = -1109*s**2 + 496*s - 3. Determine w(1).
-616
Let f(m) = -2*m**3 + 39*m**2 - 1403*m + 13370. Give f(11).
-6
Let p(v) = -5*v**3 - 161*v**2 + 1246*v + 5498. Give p(-38).
26
Let n(i) = -2802*i - 31807. Give n(-12).
1817
Let g(v) = 52*v**3 - 43*v**2 - 41*v + 1. Determine g(-1).
-53
Let c(a) = a**3 - 64*a**2 + 888*a - 80. Calculate c(44).
272
Let q(x) = 2*x**3 + 145*x**2 + 205*x - 561. Calculate q(-71).
7
Let a(n) = -n**3 - 432*n**2 + 34006*n + 3178. Determine a(-500).
178
Let f(s) = 123*s**3 + 405*s - 1232. Calculate f(3).
3304
Let v(m) = -1576991*m - 1576983. Determine v(-1).
8
Let i(t) = 866940*t - 6068573. Give i(7).
7
Let a(t) = 9*t**3 + 134*t**2 + 80370*t + 1205777. Calculate a(-15).
2
Let n(b) = 497*b - 3460. Give n(6).
-478
Let d(n) = -5*n**2 + 244*n + 8256. Give d(-23).
-1
Let w(l) = 28570*l + 199961. Give w(-7).
-29
Let f(z) = -3*z**3 - 843*z**2 - 1091*z - 70291. What is f(-280)?
-11
Let u(d) = -d**2 - 313*d - 23968. What is u(-180)?
-28
Let z(s) = -1743*s**2 - 41828*s + 29. Calculate z(-24).
-67
Let a(c) = 40760*c + 81626. What is a(-2)?
106
Let r(d) = 113421*d + 113430. What is r(-1)?
9
Let q(i) = -i**3 + 15*i**2 - 1023*i + 17950. Calculate q(17).
-19
Let f(k) = -2*k**3 + 37*k**2 + 850*k - 26. Determine f(-13).
-429
Let l(j) = -j**2 + 16621*j - 1224498. Determine l(74).
-20
Let m(f) = -4055*f - 291940. Calculate m(-72).
20
Let a(w) = -10*w**3 + 1053*w**2 - 5024*w - 2. What is a(5)?
-47
Let j(l) = 982*l + 38154. Determine j(-39).
-144
Let l(y) = -3*y**2 + 2052*y + 61384. Give l(-29).
-647
Let t(o) = 2*o**2 - 309*o - 32915. Determine t(227).
0
Let q(r) = -2*r**3 + 658*r**2 + 799*r - 45852. Determine q(330).
18
Let d(w) = 2*w**2 - 164*w - 5913. Give d(109).
-27
Let g(b) = -13*b**3 - 70*b**2 + 8*b - 21. Give g(-5).
-186
Let t(k) = 24365*k + 1388746. Determine t(-57).
-59
Let z(y) = 10*y**2 + 6*y + 76. Give z(3).
184
Let s(u) = -45*u - 6581. Calculate s(-146).
-11
Let i(s) = 6889*s + 20567. Determine i(-3).
-100
Let n(l) = 200*l + 8959. Determine n(-44).
159
Let y(s) = s**2 + 726*s + 6555. Determine y(-9).
102
Let z(o) = 6*o**3 - 14*o**2 - 50*o + 146. What is z(3)?
32
Let p(c) = -25382*c + 126915. Calculate p(5).
5
Let k(b) = -4526*b - 1199557. Determine k(-265).
-167
Let r(y) = -1376*y - 206405. Determine r(-150).
-5
Let k(d) = 47*d**2 - 6650*d + 3375. What is k(141)?
132
Let y(u) = -u**3 + 27*u**2 + 60*u + 227. What is y(28)?
1123
Let o(t) = -6*t**2 - 169*t - 440. Calculate o(-24).
160
Let a(n) = -2*n**2 + 1708*n + 17165. What is a(-10)?
-115
Let l(p) = 3*p**3 - 119*p**2 + 69*p + 1045. Give l(39).
694
